{"id":84,"date":"2019-05-01T19:03:57","date_gmt":"2019-05-01T17:03:57","guid":{"rendered":"http:\/\/auteg.fr\/?page_id=84"},"modified":"2019-05-01T19:03:57","modified_gmt":"2019-05-01T17:03:57","slug":"station-auteg-e210","status":"publish","type":"page","link":"http:\/\/electronica-technologies.com\/auteg\/index.php\/station-auteg-e210\/","title":{"rendered":"Station Auteg E210"},"content":{"rendered":"\n\t\t\t\t<![CDATA[\n<figure class=\"wp-block-image\"><img loading=\"lazy\" decoding=\"async\" width=\"1024\" height=\"683\" src=\"http:\/\/electronica-technologies.com\/auteg\/wp-content\/uploads\/2019\/05\/Station_Auteg_L210-1024x683.jpg\" alt=\"\" class=\"wp-image-69\" srcset=\"http:\/\/electronica-technologies.com\/auteg\/wp-content\/uploads\/2019\/05\/Station_Auteg_L210-1024x683.jpg 1024w, http:\/\/electronica-technologies.com\/auteg\/wp-content\/uploads\/2019\/05\/Station_Auteg_L210-300x200.jpg 300w, http:\/\/electronica-technologies.com\/auteg\/wp-content\/uploads\/2019\/05\/Station_Auteg_L210-768x512.jpg 768w, http:\/\/electronica-technologies.com\/auteg\/wp-content\/uploads\/2019\/05\/Station_Auteg_L210.jpg 1134w\" sizes=\"auto, (max-width: 767px) 89vw, (max-width: 1000px) 54vw, (max-width: 1071px) 543px, 580px\" \/><\/figure>\n\n<ul>\n<li class=\"font_8\"><strong>Compacte<\/strong> : un condens\u00e9 de technologie dans&nbsp;un volume r\u00e9duit.<\/li>\n<li class=\"font_8\"><strong>Autonome<\/strong> : sa tr\u00e8s faible consommation lui permet&nbsp;d\u2019\u00eatre mise sur site isol\u00e9.<\/li>\n<li class=\"font_8\"><strong>Robuste<\/strong> : un fonctionnement en conditions.<\/li>\n<li class=\"font_8\"><strong>Etanche<\/strong> : con\u00e7ue pour \u00eatre install\u00e9e en ext\u00e9rieur&nbsp;directement fix\u00e9e \u00e0 un mur ou \u00e0 un mat.<\/li>\n<li class=\"font_8\"><strong>Mise en oeuvre rapide<\/strong> :&nbsp;raccordement du capteur sans c\u00e2blage complexe&nbsp;(3\/4 fils ou connecteur \u00e9tanche suivant mod\u00e8le).<\/li>\n<\/ul>\n<h1>\u200b<strong><span style=\"font-size: 1.375rem;\">La centrale :<\/span><\/strong><\/h1>\n<ul>\n<li><span style=\"font-size: 1rem;\">Assure la mise en condition de mesure des capteurs<\/span><\/li>\n<li class=\"font_8\">Effectue des mesures et des enregistrements<\/li>\n<li class=\"font_8\">Surveille les valeurs seuils<\/li>\n<li class=\"font_8\">G\u00e8re des d\u00e9fauts internes<\/li>\n<li class=\"font_8\">Communique en local<\/li>\n<li class=\"font_8\">Transmet les donn\u00e9es par r\u00e9seau GSM\/GPRS ou RTC (FTP en option)<\/li>\n<li class=\"font_8\">Effectue des mesures internes (Temp\u00e9rature, tension batterie, chargeur,\u2026) pour contr\u00f4les de fonctionnement<\/li>\n<li class=\"font_8\">Assure la charge de batterie interne par r\u00e9gulateur de panneau solaire int\u00e9gr\u00e9<\/li>\n<li class=\"font_8\">Effectue le d\u00e9p\u00f4t automatique des donn\u00e9es sur serveur distant de fichiers par liaison FTP en option<\/li>\n<\/ul>\n<p class=\"font_8\"><span class=\"wixGuard\">\u200b<\/span><\/p>\n<h4 class=\"font_8\"><strong>Principales performances :<\/strong><\/h4>\n<ul>\n<li class=\"font_8\">Autonomie : Syst\u00e8me tr\u00e8s faible consommation avec batterie 12V-7,2Ah int\u00e9gr\u00e9e.<\/li>\n<li class=\"font_8\">Capacit\u00e9 de stockage de donn\u00e9es : Plus de 32 000 informations capteurs trait\u00e9es, m\u00e9moris\u00e9es<\/li>\n<li class=\"font_8\">Environnement : Fonctionnement entre -20\u00b0C et +55\u00b0C. Parafoudre int\u00e9gr\u00e9.<\/li>\n<li class=\"font_8\">Consultation : Interface IHM avec \u00e9cran graphique et touches de navigation.<\/li>\n<li class=\"font_8\">Communication : locale Ports RS 232 \u2013 USB \u2013<\/li>\n<li class=\"font_8\">Raccordement : Lien filaire RTC, GSM\/GPRS (option FTP possible)<\/li>\n<li class=\"font_8\">Exploitation : Logiciel de restitution de donn\u00e9es avec fichier compatible EXCEL via fichier en format CSV<\/li>\n<\/ul>\n<p class=\"font_8\"><span class=\"wixGuard\">\u200b<\/span><strong>Caract\u00e9ristiques techniques :<\/strong><\/p>\n<ul>\n<li class=\"font_8\">Conditions climatiques de fonctionnement : De &#8211; 20\u00b0C \u00e0 + 55\u00b0C<\/li>\n<li class=\"font_8\">Pr\u00e9cision : Horodateur avec sauvegarde par pile de grande stabilit\u00e9, inf\u00e9rieure \u00e0 15s \/ mois<\/li>\n<li class=\"font_8\">Robustesse : Coffret polyester arm\u00e9 fibre de verre \u00e9tanche IP 64 ( LxHxP = 250 x 300 mm x 165 mm ).<\/li>\n<li class=\"font_8\">Capacit\u00e9 de sauvegarde :&nbsp;32000 mesure en capacit\u00e9 interne sans SdCard<\/li>\n<li class=\"font_8\">Tr\u00e8s faible consommation et autonomie d\u2019alimentation :&nbsp;La station g\u00e8re un mode veille avec une consommation de quelques microamp\u00e8res, ce qui permet d\u2019avoir une grande&nbsp;autonomie sans alimentation autre que la batterie int\u00e9gr\u00e9e et interchangeable.<\/li>\n<li class=\"font_8\">Mesures internes :&nbsp;Mesure de tension d\u2019alimentation externe, de tension de batterie, de temp\u00e9rature interne (+\/- 3 \u00b0C)<\/li>\n<li class=\"font_8\">Interface Homme Machine conviviale :&nbsp;L\u2019interface est compos\u00e9e d\u2019un clavier 6 touches et d\u2019un afficheur r\u00e9tro\u00e9clair\u00e9 blanc de 55x46mm<\/li>\n<li class=\"font_8\">(128 x 64 pixels) qui&nbsp;permet la consultation des mesures instantan\u00e9es sur les capteurs et les mesures internes<\/li>\n<li class=\"font_8\">Facilit\u00e9 de mise en oeuvre : Installation avec peu de g\u00e9nie civil, la mise en oeuvre des capteurs est assur\u00e9e par des cartes<\/li>\n<li class=\"font_8\">\u00e9lectroniques qui assurent toutes les fonctionnalit\u00e9s n\u00e9cessaires, protection, alimentation, amplification, conversion&#8230;<\/li>\n<\/ul>\n<h4 class=\"font_8\"><span class=\"wixGuard\">\u200b<\/span>Capteur :<\/h4>\n<ul>\n<li class=\"font_8\">En standard, le capteur est constitu\u00e9 de 20 sondes Pt 1000, suivant la Norme NFC 42330 technologie \u00e0 circuit&nbsp;d\u00e9pos\u00e9, r\u00e9parties lin\u00e9airement tous les 5 cm jusqu\u2019\u00e0 une profondeur de 1m.<\/li>\n<li class=\"font_8\">Une sonde suppl\u00e9mentaire, dont la prise de temp\u00e9rature est assur\u00e9e par une pi\u00e8ce en laiton (conductivit\u00e9 thermique&nbsp;am\u00e9lior\u00e9e) permet la mesure de la temp\u00e9rature de surface.<\/li>\n<li class=\"font_8\">Le capteur est constitu\u00e9 d\u2019un tube en mati\u00e8re plastique de 102 cm de long et de 16 mm de diam\u00e8tre, rempli d\u2019une&nbsp;r\u00e9sine assurant l\u2019\u00e9tanch\u00e9it\u00e9.<\/li>\n<li class=\"font_8\">L\u2019utilisation de mati\u00e8re plastique en lieu et place de m\u00e9tal permet de s\u2019affranchir des effets de lissage de mesure de&nbsp;temp\u00e9rature d\u00fb \u00e0 la conductivit\u00e9 transversale du mat\u00e9riau de l\u2019enveloppe.<\/li>\n<li class=\"font_8\">La connexion est r\u00e9alis\u00e9e avec un c\u00e2ble blind\u00e9 7 conducteurs, longueur 15m, sortant \u00e0 environ 6cm de l\u2019extr\u00e9mit\u00e9.<\/li>\n<li class=\"font_8\">Le capteur int\u00e8gre une \u00e9lectronique de traitement qui assure la liaison num\u00e9rique de type RS485\/MODBUS ou SDI12.<\/li>\n<li class=\"font_8\">Il peut \u00eatre connect\u00e9 \u00e0 nos stations C200, E210, E220 ou \u00e0 notre Data Logger portatif.<\/li>\n<\/ul>\n<h4 class=\"font_8\">Caract\u00e9ristiques principales du capteur :<\/h4>\n<ul>\n<li class=\"font_8\">\u00e9tendue de mesure : -30 \u00b0C \u00e0 + 60 \u00b0C<\/li>\n<li class=\"font_8\">r\u00e9solution : 0,1 \u00b0C<\/li>\n<li class=\"font_8\">pr\u00e9cision totale: 0,3\u00b0C pour la plage de variation de temp\u00e9rature de -20 \u00b0C \u00e0 + 40 \u00b0C<\/li>\n<li class=\"font_8\">ind\u00e9pendance de la mesure par rapport aux longueurs du c\u00e2ble<\/li>\n<li class=\"font_8\">constitution robuste, r\u00e9siste aux vibrations, \u00e9tanche<\/li>\n<\/ul>\n<h4 class=\"font_8\"><span class=\"wixGuard\">\u200b<\/span>Principes G\u00e9n\u00e9raux<\/h4>\n<p>Acquisition de donn\u00e9es :&nbsp;Mesure et enregistrement de valeurs de grandeurs physiques pour un traitement informatique en diff\u00e9r\u00e9 ou en temps r\u00e9el.&nbsp;Les donn\u00e9es sont r\u00e9cup\u00e9r\u00e9es :<\/p>\n<ul>\n<li class=\"font_8\">En local, par liaison informatique RS232.<\/li>\n<li class=\"font_8\">A distance, par communication GSM\/GPRS ou lien RTC<\/li>\n<li class=\"font_8\">Avec l\u2019option transfert FTP, les fichiers de donn\u00e9es sont transmis r\u00e9guli\u00e8rement \u00e0 p\u00e9riode programmable sur un serveur distant en format imm\u00e9diatement exploitable par un tableur standard (format CSV).<\/li>\n<\/ul>\n<h4 class=\"font_8\">Options et accessoires<\/h4>\n<ul>\n<li class=\"font_8\">Panneau solaire<\/li>\n<li class=\"font_8\">Raccordement r\u00e9seau 230V permanent ou intermittent (alimentation sur cand\u00e9labre par exemple)<\/li>\n<li class=\"font_8\">Batterie 12V-7.2A\/h suppl\u00e9mentaires<\/li>\n<li class=\"font_8\">Transfert FTP automatique cyclique vers serveur (ELECTRONICA Technologies ou client)<\/li>\n<li class=\"font_8\">Acc\u00e8s aux donn\u00e9es sur serveur Electronica Technologies par simple navigateur Internet (acc\u00e8s s\u00e9curis\u00e9).<\/li>\n<\/ul>\n\n<div class=\"wp-block-file\"><a href=\"http:\/\/electronica-technologies.com\/auteg\/wp-content\/uploads\/2019\/05\/fiche-auteg-cryo-E210-ed14-1Bdef.pdf\">fiche-auteg-cryo-E210-ed14-1Bdef<\/a><a href=\"http:\/\/electronica-technologies.com\/auteg\/wp-content\/uploads\/2019\/05\/fiche-auteg-cryo-E210-ed14-1Bdef.pdf\" class=\"wp-block-file__button\" download>T\u00e9l\u00e9charger<\/a><\/div>\n]]>\t\t","protected":false},"excerpt":{"rendered":"<p>\t\t\t\t<![CDATA[]]>\t\t<\/p>\n","protected":false},"author":2,"featured_media":0,"parent":0,"menu_order":0,"comment_status":"closed","ping_status":"closed","template":"","meta":{"footnotes":""},"class_list":["post-84","page","type-page","status-publish","hentry"],"_links":{"self":[{"href":"http:\/\/electronica-technologies.com\/auteg\/index.php\/wp-json\/wp\/v2\/pages\/84","targetHints":{"allow":["GET"]}}],"collection":[{"href":"http:\/\/electronica-technologies.com\/auteg\/index.php\/wp-json\/wp\/v2\/pages"}],"about":[{"href":"http:\/\/electronica-technologies.com\/auteg\/index.php\/wp-json\/wp\/v2\/types\/page"}],"author":[{"embeddable":true,"href":"http:\/\/electronica-technologies.com\/auteg\/index.php\/wp-json\/wp\/v2\/users\/2"}],"replies":[{"embeddable":true,"href":"http:\/\/electronica-technologies.com\/auteg\/index.php\/wp-json\/wp\/v2\/comments?post=84"}],"version-history":[{"count":0,"href":"http:\/\/electronica-technologies.com\/auteg\/index.php\/wp-json\/wp\/v2\/pages\/84\/revisions"}],"wp:attachment":[{"href":"http:\/\/electronica-technologies.com\/auteg\/index.php\/wp-json\/wp\/v2\/media?parent=84"}],"curies":[{"name":"wp","href":"https:\/\/api.w.org\/{rel}","templated":true}]}}